{"id":6,"date":"2021-03-23T07:20:00","date_gmt":"2021-03-23T00:20:00","guid":{"rendered":"http:\/\/quangtrungcorp.com.vn\/?page_id=6"},"modified":"2021-03-24T10:53:56","modified_gmt":"2021-03-24T03:53:56","slug":"about","status":"publish","type":"page","link":"http:\/\/quangtrungcorp.com.vn\/index.php\/about\/","title":{"rendered":"Gi\u1edbi thi\u1ec7u"},"content":{"rendered":"\r\n<h2><span style=\"color: #3366ff;\">C\u00d4NG TY TNHH CUNG \u1ee8NG NH\u00c2N L\u1ef0C QUANG TRUNG<\/span><\/h2>\r\n<h3>\u0110\u1ecba ch\u1ec9 li\u00ean l\u1ea1c:<\/h3>\r\n<ul>\r\n<li><strong>To\u00e0 v\u0103n ph\u00f2ng Quang Trung\u00a0<\/strong><\/li>\r\n<\/ul>\r\n<p style=\"text-align: left; padding-left: 40px;\">295 Ng\u1ecdc Thu\u1ef5, Ph\u01b0\u1eddng Ng\u1ecdc Thu\u1ef5, Qu\u1eadn Long Bi\u00ean, H\u00e0 N\u1ed9i, Vi\u1ec7t Nam.<\/p>\r\n<p style=\"padding-left: 40px;\">\u0110T: +842436500602 (Vietnamese) \/\u00a0+84987094885 (Japanese) \/\u00a0+84966066736 (Chinese)<\/p>\r\n<p style=\"padding-left: 40px;\">Email: info@quangtrungcorp.vn \/ anhpham@quangtrungcorp.com.vn<\/p>\r\n<ul>\r\n<li><strong>Trung t\u00e2m \u0111\u00e0o t\u1ea1o\u00a0<\/strong><\/li>\r\n<\/ul>\r\n<p style=\"padding-left: 40px;\">Tr\u01b0\u1eddng Cao \u0110\u1eb3ng Kinh T\u1ebf K\u1ef9 Thu\u1eadt Trung \u01af\u01a1ng<\/p>\r\n<p style=\"padding-left: 40px;\">X\u00e3 D\u01b0\u01a1ng X\u00e1, Huy\u1ec7n Gia L\u00e2m, H\u00e0 N\u1ed9i, Vi\u1ec7t Nam.<\/p>\r\n<h3>Nh\u00e2n s\u1ef1 qu\u1ea3n l\u00fd:<\/h3>\r\n<ul>\r\n<li>H\u1ecd v\u00e0 t\u00ean: Ph\u1ea1m Duy Anh &#8211; T\u1ed5ng gi\u00e1m \u0111\u1ed1c<\/li>\r\n<\/ul>\r\n<p style=\"padding-left: 40px;\">\u0110T: +842436500602 \/ 109<\/p>\r\n<p style=\"padding-left: 40px;\">Email: anhpham@quangtrungcorp.com.vn<\/p>\r\n<hr \/>\r\n<ul>\r\n<li>H\u1ecd v\u00e0 t\u00ean: Ph\u1ea1m Cao Hi\u1ec7p &#8211; \u0110\u1ed3ng s\u00e1ng l\u1eadp<\/li>\r\n<\/ul>\r\n<p style=\"padding-left: 40px;\">\u0110T:+842436500602 \/ 122<\/p>\r\n<p style=\"padding-left: 40px;\">Email: hiep.pham@quangtrungcorp.com.vn<\/p>\r\n<hr \/>\r\n<p>&nbsp;<\/p>\r\n\r\n\r\n\r\n<p>&nbsp;<\/p>\r\n","protected":false},"excerpt":{"rendered":"<p>C\u00d4NG TY TNHH CUNG \u1ee8NG NH\u00c2N L\u1ef0C QUANG TRUNG \u0110\u1ecba ch\u1ec9 li\u00ean l\u1ea1c: To\u00e0 v\u0103n ph\u00f2ng Quang Trung\u00a0 295 Ng\u1ecdc Thu\u1ef5, Ph\u01b0\u1eddng Ng\u1ecdc Thu\u1ef5, Qu\u1eadn Long Bi\u00ean, H\u00e0 N\u1ed9i, Vi\u1ec7t Nam. \u0110T: +842436500602 (Vietnamese) \/\u00a0+84987094885 (Japanese) \/\u00a0+84966066736 (Chinese) Email: info@quangtrungcorp.vn \/ anhpham@quangtrungcorp.com.vn Trung t\u00e2m \u0111\u00e0o t\u1ea1o\u00a0 Tr\u01b0\u1eddng Cao \u0110\u1eb3ng Kinh T\u1ebf K\u1ef9 Thu\u1eadt Trung \u01af\u01a1ng X\u00e3 D\u01b0\u01a1ng X\u00e1, Huy\u1ec7n Gia L\u00e2m, H\u00e0 N\u1ed9i, Vi\u1ec7t Nam. Nh\u00e2n s\u1ef1 qu\u1ea3n l\u00fd: H\u1ecd v\u00e0 t\u00ean: Ph\u1ea1m Duy Anh &#8211; T\u1ed5ng gi\u00e1m \u0111\u1ed1c \u0110T: +842436500602 \/ 109 Email: anhpham@quangtrungcorp.com.vn H\u1ecd v\u00e0 t\u00ean: Ph\u1ea1m Cao Hi\u1ec7p &#8211; \u0110\u1ed3ng s\u00e1ng l\u1eadp \u0110T:+842436500602 \/ 122 Email: hiep.pham@quangtrungcorp.com.vn &nbsp; &nbsp;<\/p>\n","protected":false},"author":1,"featured_media":0,"parent":0,"menu_order":0,"comment_status":"closed","ping_status":"closed","template":"","meta":[],"_links":{"self":[{"href":"http:\/\/quangtrungcorp.com.vn\/index.php\/wp-json\/wp\/v2\/pages\/6"}],"collection":[{"href":"http:\/\/quangtrungcorp.com.vn\/index.php\/wp-json\/wp\/v2\/pages"}],"about":[{"href":"http:\/\/quangtrungcorp.com.vn\/index.php\/wp-json\/wp\/v2\/types\/page"}],"author":[{"embeddable":true,"href":"http:\/\/quangtrungcorp.com.vn\/index.php\/wp-json\/wp\/v2\/users\/1"}],"replies":[{"embeddable":true,"href":"http:\/\/quangtrungcorp.com.vn\/index.php\/wp-json\/wp\/v2\/comments?post=6"}],"version-history":[{"count":4,"href":"http:\/\/quangtrungcorp.com.vn\/index.php\/wp-json\/wp\/v2\/pages\/6\/revisions"}],"predecessor-version":[{"id":98,"href":"http:\/\/quangtrungcorp.com.vn\/index.php\/wp-json\/wp\/v2\/pages\/6\/revisions\/98"}],"wp:attachment":[{"href":"http:\/\/quangtrungcorp.com.vn\/index.php\/wp-json\/wp\/v2\/media?parent=6"}],"curies":[{"name":"wp","href":"https:\/\/api.w.org\/{rel}","templated":true}]}}